{"id":15,"date":"2016-02-25T15:37:36","date_gmt":"2016-02-25T15:37:36","guid":{"rendered":"https:\/\/the7.io\/product\/?page_id=4"},"modified":"2022-04-25T14:10:20","modified_gmt":"2022-04-25T14:10:20","slug":"landing","status":"publish","type":"page","link":"https:\/\/hattendorff-beratung.de\/","title":{"rendered":"landing"},"content":{"rendered":"<p>[vc_row bg_type=&#8220;bg_color&#8220; bg_override=&#8220;ex-full&#8220; type=&#8220;vc_default&#8220; css=&#8220;.vc_custom_1586121068152{margin-top: -120px !important;}&#8220; bg_color_value=&#8220;#ffffff&#8220;][vc_column][vc_single_image image=&#8220;811&#8243; img_size=&#8220;full&#8220;][vc_empty_space][\/vc_column][vc_column width=&#8220;1\/2&#8243;][vc_column_text]<\/p>\n<h2>Erfahrung \u2013 Expertise \u2013 Empathie<\/h2>\n<p>[\/vc_column_text][vc_empty_space height=&#8220;22px&#8220;][vc_column_text]<\/p>\n<p style=\"text-align: center;\" align=\"center\"><strong><span style=\"font-family: 'Arial',sans-serif;\">Ich begleite Sie kompetent und vertrauensvoll bei der L\u00f6sung Ihrer beruflichen und privaten Herausforderungen<\/span><\/strong><\/p>\n<p align=\"center\"><strong>Sie als Mensch stehen im Mittelpunkt!<\/strong><\/p>\n<p><span style=\"font-family: 'Arial',sans-serif;\">Sie sind wertvoll und k\u00f6nnen schon viel mehr als sie heute denken. Gerade wenn Entscheidungen anstehen, neue Herausforderungen auf uns zu kommen oder Konflikte und \u00c4ngste uns belasten, ist es wichtig den Blick auf die Situation zu ver\u00e4ndern und Denkmuster zu reflektieren. <\/span><\/p>\n<p><span style=\"font-family: 'Arial',sans-serif;\">Mit Erfahrung, Kreativit\u00e4t und Mut, neue Wege zu gehen, ganz individuell, immer das Ziel vor Augen, das ist unser gemeinsamer Weg. Grundlage daf\u00fcr ist ein vertrauensvoller und verantwortungsbewusster Umgang miteinander. <\/span>[\/vc_column_text][vc_empty_space height=&#8220;60px&#8220;][vc_column_text css=&#8220;.vc_custom_1589233971828{background-color: #39d3c4 !important;}&#8220;]<\/p>\n<blockquote><p><span style=\"color: #ffffff;\">\u201eWege entstehen dadurch, dass man sie geht\u201c<br \/>\nFranz Kafka<\/span><\/p><\/blockquote>\n<p>[\/vc_column_text][\/vc_column][vc_column width=&#8220;1\/2&#8243;][vc_single_image image=&#8220;903&#8243; img_size=&#8220;large&#8220; alignment=&#8220;center&#8220; css=&#8220;.vc_custom_1647730507815{margin-bottom: -5% !important;padding-left: 50px !important;}&#8220;][\/vc_column][\/vc_row][vc_row bg_type=&#8220;grad&#8220; bg_override=&#8220;ex-full&#8220; type=&#8220;vc_default&#8220; bg_grad=&#8220;background: -webkit-gradient(linear, left top, left bottom, color-stop(0%, #F7F7F7), color-stop(98%, #F5F5F5));background: -moz-linear-gradient(top,#F7F7F7 0%,#F5F5F5 98%);background: -webkit-linear-gradient(top,#F7F7F7 0%,#F5F5F5 98%);background: -o-linear-gradient(top,#F7F7F7 0%,#F5F5F5 98%);background: -ms-linear-gradient(top,#F7F7F7 0%,#F5F5F5 98%);background: linear-gradient(top,#F7F7F7 0%,#F5F5F5 98%);&#8220; el_id=&#8220;leistungen&#8220; css=&#8220;.vc_custom_1589233239956{margin-bottom: 0px !important;}&#8220;][vc_column offset=&#8220;vc_col-lg-offset-2 vc_col-lg-8 vc_col-md-offset-2 vc_col-md-8&#8243;][vc_empty_space height=&#8220;30px&#8220;][vc_column_text]<\/p>\n<h2 style=\"text-align: center;\">Leistungen<\/h2>\n<p>[\/vc_column_text][vc_empty_space height=&#8220;22px&#8220;][\/vc_column][vc_column width=&#8220;1\/2&#8243; offset=&#8220;vc_hidden-xs&#8220; css=&#8220;.vc_custom_1589233028478{margin-right: 20px !important;background-color: #ffffff !important;}&#8220;][vc_empty_space][vc_column_text]<\/p>\n<h3 style=\"text-align: center;\">F\u00fcr Einzelpersonen<\/h3>\n<p style=\"text-align: center;\">Sie w\u00fcnschen sich in einem vertraulichen Rahmen eine pers\u00f6nliche <strong>Standortbestimmung<\/strong>?<\/p>\n<p style=\"text-align: center;\">Sie stehen vor einer schwierigen <strong>Entscheidung<\/strong>?<\/p>\n<p style=\"text-align: center;\">Sie ben\u00f6tigen Unterst\u00fctzung in einer <strong>beruflichen Ver\u00e4nderung<\/strong>?<\/p>\n<p style=\"text-align: center;\">Sie w\u00fcnschen sich im stressigen Alltag <strong>ruhig und gelassener<\/strong> zu sein?<\/p>\n<p style=\"text-align: center;\">Sie m\u00f6chten etwas f\u00fcr Ihre <strong>Gesundheit<\/strong> tun?<\/p>\n<p style=\"text-align: center;\">Sie m\u00f6chten Ihre eigenen <strong>St\u00e4rken und Ressourcen<\/strong> aktivieren?<\/p>\n<p>[\/vc_column_text][vc_empty_space height=&#8220;40px&#8220;][\/vc_column][vc_column width=&#8220;1\/2&#8243; css=&#8220;.vc_custom_1589233110800{margin-left: 40px !important;background-color: #ffffff !important;}&#8220;][vc_empty_space][vc_column_text]<\/p>\n<h3 style=\"text-align: center;\">F\u00fcr Teams<\/h3>\n<p style=\"text-align: center;\">Sie m\u00f6chten Ihren Mitarbeitern und F\u00fchrungskr\u00e4ften die M\u00f6glichkeit geben, ihr volles <strong>Potential zu entfalten<\/strong>?<\/p>\n<p style=\"text-align: center;\">Sie w\u00fcnschen sich jemand, der ihre Mitarbeiter und F\u00fchrungskr\u00e4fte in ihrer <strong>Selbstkompetenz<\/strong> st\u00e4rkt?<\/p>\n<p style=\"text-align: center;\">Sie m\u00f6chten in ihrer <strong>Rolle als F\u00fchrungskraft<\/strong> gelassener und entspannter agieren?<\/p>\n<p style=\"text-align: center;\">Sie m\u00f6chten das Thema <strong>Resilienz und Stresspr\u00e4vention<\/strong> als Fundament f\u00fcr eine positive Zusammenarbeit in ihrem Unternehmen etablieren?<\/p>\n<p style=\"text-align: center;\">Sie m\u00f6chten <strong>neue Aufgabenzuweisungen<\/strong> oder <strong>Konflikte im Team konstruktiv angehen<\/strong>?<\/p>\n<p>[\/vc_column_text][vc_empty_space height=&#8220;40px&#8220;][\/vc_column][vc_column][vc_empty_space][vc_column_text]<\/p>\n<p style=\"text-align: center;\">Oder bewegt Sie etwas ganz anderes? Sprechen Sie mich an! Lassen Sie uns gerne in einem kostenlosen unverbindlichen Erstgespr\u00e4ch kl\u00e4ren, welches Anliegen Sie haben und welche L\u00f6sungswege m\u00f6glich sind.<\/p>\n<p style=\"text-align: center;\"><strong>Ich berate, begleite und unterst\u00fctze Sie kompetent und vertrauensvoll. <\/strong><\/p>\n<p style=\"text-align: center;\"><strong>Ich freue mich auf Ihre Kontaktaufnahme.<br \/>\n<\/strong><\/p>\n<p>[\/vc_column_text][vc_empty_space height=&#8220;80px&#8220;][\/vc_column][\/vc_row][vc_row content_placement=&#8220;top&#8220; parallax=&#8220;content-moving&#8220; bg_type=&#8220;bg_color&#8220; bg_override=&#8220;ex-full&#8220; type=&#8220;vc_default&#8220; css=&#8220;.vc_custom_1647816721473{background-color: #ffffff !important;}&#8220; el_id=&#8220;angebote&#8220; bg_color_value=&#8220;#ffffff&#8220;][vc_column][vc_empty_space height=&#8220;50px&#8220;][vc_single_image image=&#8220;810&#8243; img_size=&#8220;1137 \u00d7 372&#8243; alignment=&#8220;center&#8220; css=&#8220;.vc_custom_1586383972436{margin-right: -15% !important;margin-left: -15% !important;}&#8220;][vc_empty_space height=&#8220;50px&#8220;][vc_column_text]<\/p>\n<h2 style=\"text-align: center;\">Meine Angebote<\/h2>\n<p>[\/vc_column_text][vc_empty_space][\/vc_column][vc_column width=&#8220;1\/2&#8243; css=&#8220;.vc_custom_1647816330782{margin-right: 20px !important;margin-left: 20px !important;padding-top: 20px !important;padding-bottom: 20px !important;background-color: #34b7ee !important;}&#8220;][vc_column_text]<\/p>\n<h3><span style=\"color: #fcfcfc;\">Einzelsetting <\/span><\/h3>\n<p><strong><span style=\"color: #fcfcfc;\">Coaching<\/span><\/strong><\/p>\n<p><span style=\"color: #fcfcfc;\">\u2022 Pers\u00f6nlichkeitsentwicklung<\/span><br \/>\n<span style=\"color: #fcfcfc;\">\u2022 Ressourcen- und Kompetenzst\u00e4rkung<\/span><br \/>\n<span style=\"color: #fcfcfc;\">\u2022 Kommunikation<\/span><br \/>\n<span style=\"color: #fcfcfc;\">\u2022 Jobcoaching<\/span><br \/>\n<span style=\"color: #fcfcfc;\">\u2022 Entscheidungsfindung<\/span><br \/>\n<span style=\"color: #fcfcfc;\">\u2022 Konfliktcoaching<\/span><br \/>\n<span style=\"color: #fcfcfc;\">\u2022 Karriereplanung<\/span><br \/>\n<span style=\"color: #fcfcfc;\">\u2022 Ziel- und Perspektivenentwicklung<\/span><br \/>\n<span style=\"color: #fcfcfc;\">\u2022 Umgang mit Stress und Belastungen<\/span>[\/vc_column_text][\/vc_column][vc_column width=&#8220;1\/2&#8243; css=&#8220;.vc_custom_1647816350035{margin-right: 20px !important;margin-left: 20px !important;padding-top: 20px !important;padding-bottom: 20px !important;background-color: #39d3c4 !important;}&#8220;][vc_column_text css=&#8220;.vc_custom_1647816511030{margin-right: 20px !important;margin-left: 20px !important;}&#8220;]<\/p>\n<h3><span style=\"color: #fcfcfc;\">Teamsetting<\/span><\/h3>\n<p><strong style=\"color: #fcfcfc;\">Training<\/strong><\/p>\n<ul style=\"color: #fcfcfc;\">\n<li>Systemisches Stresspr\u00e4ventionstraining<\/li>\n<\/ul>\n<p><strong style=\"color: #fcfcfc;\">Supervision<\/strong><\/p>\n<ul style=\"color: #fcfcfc;\">\n<li>Reflexion und Weiterentwicklung der beruflichen Rolle<\/li>\n<li>Fallsupervision<\/li>\n<\/ul>\n<p><strong style=\"color: #fcfcfc;\">Teamentwicklung<\/strong><\/p>\n<ul style=\"color: #fcfcfc;\">\n<li>Aufbau oder Optimierung der Arbeitsf\u00e4higkeit eines Teams<\/li>\n<\/ul>\n<p>[\/vc_column_text][\/vc_column][vc_column][vc_empty_space][vc_column_text]<\/p>\n<h3><strong>Stimmt die Chemie?<\/strong><\/h3>\n<p>Wir lernen uns in einem ersten Gespr\u00e4ch kennen und kl\u00e4ren ihr Anliegen sowie die gegenseitige Erwartungshaltung.<\/p>\n<ul>\n<li>Walk &amp; Talk bei einem gemeinsamen Spaziergang<\/li>\n<li>Per Video oder telefonisch<\/li>\n<li>Pers\u00f6nlich in einem Gespr\u00e4ch vor Ort<\/li>\n<\/ul>\n<p><strong>Ihre Investition f\u00fcr das erste Gespr\u00e4ch:<\/strong><\/p>\n<p>Nur Ihr Wunsch, die Dinge anders machen zu wollen als bisher![\/vc_column_text][\/vc_column][\/vc_row][vc_row equal_height=&#8220;yes&#8220; content_placement=&#8220;middle&#8220; bg_type=&#8220;grad&#8220; bg_override=&#8220;ex-full&#8220; type=&#8220;vc_default&#8220; bg_grad=&#8220;background: -webkit-gradient(linear, left top, left bottom, color-stop(0%, #FFFFFF), color-stop(100%, #FFFFFF));background: -moz-linear-gradient(top,#FFFFFF 0%,#FFFFFF 100%);background: -webkit-linear-gradient(top,#FFFFFF 0%,#FFFFFF 100%);background: -o-linear-gradient(top,#FFFFFF 0%,#FFFFFF 100%);background: -ms-linear-gradient(top,#FFFFFF 0%,#FFFFFF 100%);background: linear-gradient(top,#FFFFFF 0%,#FFFFFF 100%);&#8220; el_id=&#8220;mich&#8220; css=&#8220;.vc_custom_1586466593262{margin-bottom: 0px !important;}&#8220;][vc_column css=&#8220;.vc_custom_1456667184730{margin-top: 0px !important;margin-right: 0px !important;margin-bottom: 0px !important;margin-left: 0px !important;border-top-width: 0px !important;border-right-width: 0px !important;border-bottom-width: 0px !important;border-left-width: 0px !important;padding-top: 0px !important;padding-right: 0px !important;padding-bottom: 0px !important;padding-left: 0px !important;}&#8220; offset=&#8220;vc_col-lg-6 vc_col-md-6 vc_hidden-sm vc_hidden-xs&#8220;][vc_single_image image=&#8220;791&#8243; img_size=&#8220;large&#8220; alignment=&#8220;center&#8220; css=&#8220;.vc_custom_1647816813614{margin-top: 12% !important;margin-bottom: -5% !important;padding-right: 50px !important;}&#8220;][\/vc_column][vc_column css=&#8220;.vc_custom_1456676180484{padding-top: 60px !important;padding-bottom: 60px !important;}&#8220; offset=&#8220;vc_col-lg-offset-1 vc_col-lg-5 vc_col-md-offset-0 vc_col-md-6&#8243;][vc_empty_space][vc_column_text]<\/p>\n<h2>\u00dcber mich<\/h2>\n<p>[\/vc_column_text][vc_empty_space height=&#8220;30px&#8220;][vc_column_text]<strong>Was qualifiziert mich f\u00fcr diese Aufgaben?<\/strong><\/p>\n<p>Eine mehr als 30j\u00e4hrige Berufserfahrung in einem globalen Chemieunternehmen in unterschiedlichen Funktionen in der Unternehmenskommunikation, Personalstrategie und Weiterbildung (F\u00fchrungsverantwortung und Projekte)<\/p>\n<p>Eine ausgewiesene <strong>berufliche Expertise<\/strong> in den Bereichen (Schwerpunkte):<\/p>\n<ul>\n<li style=\"list-style-type: none;\">\n<ul>\n<li style=\"list-style-type: none;\">\n<ul>\n<li>Demographiemanagement (europaweit)<\/li>\n<li>Wissensmanagement<\/li>\n<li>Weiterbildung\/Lebenslanges Lernen\/moderne Lernformate (auch in der Produktion)<\/li>\n<li>Beratungskompetenz<\/li>\n<li>Moderation von Veranstaltungen\/Workshops\/Fokusgruppen<\/li>\n<li>F\u00fchrungsverantwortung<\/li>\n<\/ul>\n<\/li>\n<\/ul>\n<\/li>\n<\/ul>\n<p><strong>Zusatzqualifikationen:<\/strong><\/p>\n<ul>\n<li style=\"list-style-type: none;\">\n<ul>\n<li style=\"list-style-type: none;\">\n<ul>\n<li>Studium der P\u00e4dagogik<\/li>\n<li>Moderatorenausbildung bei Neuland Partners<\/li>\n<li>Mediationsausbildung Bildung und Erziehung (Bundesverband Mediation e.V.)<\/li>\n<li>Zertifizierte Stresspr\u00e4ventionstrainerin (ZPP)<\/li>\n<li>Weiterbildung zur systemischen Coach (DGSF zertifiziert)<\/li>\n<li>\n<div><\/div>\n<div class=\"display-flex flex-column full-width align-self-center\">\n<div class=\"display-flex flex-row justify-space-between\">\n<div class=\" display-flex flex-column full-width\">\n<div class=\"display-flex align-items-center\"><span class=\"mr1 t-bold\"> <span aria-hidden=\"true\">MHFA Ersthelferin (Mental Health First Aid) &#8211; <\/span><\/span><span class=\"t-14 t-normal\"><span aria-hidden=\"true\">Zentralinstitut f\u00fcr Seelische Gesundheit<\/span><\/span><\/div>\n<\/div>\n<\/div>\n<\/div>\n<\/li>\n<\/ul>\n<\/li>\n<\/ul>\n<\/li>\n<\/ul>\n<p><strong>Ehrenamtliche T\u00e4tigkeit<\/strong> als Schulmediatorin (Seniorpartner in School e.V.)[\/vc_column_text][vc_empty_space height=&#8220;50px&#8220;][\/vc_column][\/vc_row][vc_row bg_type=&#8220;bg_color&#8220; bg_override=&#8220;ex-full&#8220; type=&#8220;vc_default&#8220; bg_color_value=&#8220;#f5f5f5&#8243; css=&#8220;.vc_custom_1586298814892{padding-top: 45px !important;padding-bottom: 55px !important;}&#8220; el_id=&#8220;vortraege&#8220;][vc_column][vc_column_text]<\/p>\n<h2><strong>Meine Coachees <\/strong><\/h2>\n<p>[\/vc_column_text][vc_empty_space height=&#8220;25px&#8220;][vc_column_text]\u00bb Frau Hattendorff hat mit mir \u00fcber einige Monate hinweg einen ergebnisoffenen Transformationsprozess begleitet. Dank ihrer empathischen und zugleich professionellen Art hat sie schnell digitale N\u00e4he und die notwendige Vertrauensbasis geschaffen. Ihre Erfahrung gepaart mit der umfassenden Methodenkompetenz bef\u00e4higen Sie zu l\u00f6sungsorientiertem Arbeiten in sehr unterschiedlichen Konstellationen. Ich w\u00fcrde jederzeit wieder mit ihr zusammenarbeiten! \u00ab<\/p>\n<p><em>Heike Sch., Head of Sustainibilty, Baubranche<\/em><\/p>\n<p>[\/vc_column_text][vc_empty_space height=&#8220;30px&#8220;][vc_column_text]\u00bb Ich denke gerne an die Zusammenarbeit mit Jutta zur\u00fcck. Ich sch\u00e4tze an ihr sehr, ihre empathische Art Menschen f\u00fcr Ver\u00e4nderungen zu begeistern, ihre F\u00e4higkeit schnell Ideen auf Papier zu bringen und gemeinsam mit dem Kunden L\u00f6sungen zu erarbeiten. Ihr Methodenrepertoire ist unglaublich und sie kann es nicht nur in Teamprozessen, sondern auch in Einzelcoachings sehr gut einsetzen. \u00ab<\/p>\n<p><em>Martin N., Trainer f\u00fcr Arbeitssicherheit, selbst\u00e4ndig<\/em>[\/vc_column_text][vc_empty_space height=&#8220;30px&#8220;][vc_column_text]\u00bb Frau Hattendorff hat mich bei einer wichtigen Entscheidungsfindung kompetent und sehr engagiert begleitet. Ich sch\u00e4tze an Ihr besonders ihre ruhige, zugewandte und empathische Art. Sie bringt komplexe Ideen anschaulich und l\u00f6sungsorientiert zu Papier. Ich wei\u00df jetzt, wo mein Weg hingeht. Ich habe meine F\u00e4higkeiten und Ressourcen neu entdecken d\u00fcrfen. \u00ab<\/p>\n<p><em>Petra E., F\u00fchrungskraft in der Kommunikation, Automobilbranche<\/em>[\/vc_column_text][vc_empty_space height=&#8220;30px&#8220;][vc_column_text]\u00bb Bei unseren gemeinsamen Gespr\u00e4chen habe ich sehr viel f\u00fcr mich mitgenommen. Ich habe den Blick auf meinen pers\u00f6nlichen Standort erweitert und konnte die erarbeiteten L\u00f6sungsans\u00e4tze in meinem beruflichen und privaten Umfeld gut umsetzen. Vielen Dank!\u00ab<\/p>\n<p><em>Ute P., Mitarbeiterin im Gesundheitsbereich<\/em>[\/vc_column_text][vc_empty_space height=&#8220;15px&#8220;][\/vc_column][vc_column][\/vc_column][vc_column][\/vc_column][\/vc_row][vc_row equal_height=&#8220;yes&#8220; rtl_reverse=&#8220;yes&#8220; bg_type=&#8220;bg_color&#8220; bg_override=&#8220;ex-full&#8220; type=&#8220;vc_default&#8220; css=&#8220;.vc_custom_1647730129415{background-position: center !important;background-repeat: no-repeat !important;background-size: contain !important;}&#8220; el_id=&#8220;kontakt&#8220; bg_color_value=&#8220;#bebebb&#8220;][vc_column width=&#8220;1\/2&#8243; offset=&#8220;vc_col-lg-offset-0 vc_col-lg-5 vc_col-md-offset-0 vc_col-md-6&#8243; css=&#8220;.vc_custom_1589231894059{background-position: center !important;background-repeat: no-repeat !important;background-size: cover !important;}&#8220;]<div class=\"ult-spacer spacer-69df72caf3401\" data-id=\"69df72caf3401\" data-height=\"60\" data-height-mobile=\"60\" data-height-tab=\"110\" data-height-tab-portrait=\"60\" data-height-mobile-landscape=\"60\" style=\"clear:both;display:block;\"><\/div>[vc_column_text]<\/p>\n<h1><span style=\"color: #ffffff;\">Kontakt!<\/span><\/h1>\n<p>[\/vc_column_text][vc_empty_space height=&#8220;30px&#8220;][vc_column_text]<span style=\"color: #ffffff;\"><strong>Jutta Hattendorff<\/strong><\/span><\/p>\n<p><span style=\"color: #ffffff;\">Max-Slevogt-Str.12<\/span><br \/>\n<span style=\"color: #ffffff;\">67141 Neuhofen<\/span><\/p>\n<p><span style=\"color: #ffffff;\"><a style=\"color: #ffffff;\" href=\"mailto:info@hattendorff-beratung.de\">info@hattendorff-beratung.de<\/a><\/span><br \/>\n<span style=\"color: #ffffff;\">+49 173 1945344<\/span>[\/vc_column_text][vc_empty_space height=&#8220;30px&#8220;]<div class=\"ult-spacer spacer-69df72caf3429\" data-id=\"69df72caf3429\" data-height=\"50\" data-height-mobile=\"60\" data-height-tab=\"110\" data-height-tab-portrait=\"60\" data-height-mobile-landscape=\"60\" style=\"clear:both;display:block;\"><\/div>[\/vc_column][vc_column width=&#8220;1\/2&#8243; offset=&#8220;vc_hidden-sm vc_hidden-xs&#8220; css=&#8220;.vc_custom_1589231859477{background-position: center !important;background-repeat: no-repeat !important;background-size: cover !important;}&#8220;][vc_single_image image=&#8220;901&#8243; img_size=&#8220;full&#8220; alignment=&#8220;center&#8220; css=&#8220;.vc_custom_1647730224816{margin-bottom: -1000px !important;}&#8220;][\/vc_column][\/vc_row]<\/p>\n","protected":false},"excerpt":{"rendered":"<p>[vc_row bg_type=&#8220;bg_color&#8220; bg_override=&#8220;ex-full&#8220; type=&#8220;vc_default&#8220; css=&#8220;.vc_custom_1586121068152{margin-top: -120px !important;}&#8220; bg_color_value=&#8220;#ffffff&#8220;][vc_column][vc_single_image image=&#8220;811&#8243; img_size=&#8220;full&#8220;][vc_empty_space][\/vc_column][vc_column width=&#8220;1\/2&#8243;][vc_column_text] Erfahrung \u2013 Expertise \u2013 Empathie [\/vc_column_text][vc_empty_space height=&#8220;22px&#8220;][vc_column_text] Ich begleite Sie kompetent und vertrauensvoll bei der L\u00f6sung Ihrer beruflichen und privaten Herausforderungen Sie als Mensch stehen im Mittelpunkt! Sie sind wertvoll und k\u00f6nnen schon viel mehr als sie heute denken. Gerade wenn Entscheidungen anstehen, neue&hellip;<\/p>\n","protected":false},"author":1,"featured_media":0,"parent":0,"menu_order":0,"comment_status":"closed","ping_status":"closed","template":"template-microsite.php","meta":{"footnotes":""},"class_list":["post-15","page","type-page","status-publish","hentry","description-off"],"_links":{"self":[{"href":"https:\/\/hattendorff-beratung.de\/index.php?rest_route=\/wp\/v2\/pages\/15","targetHints":{"allow":["GET"]}}],"collection":[{"href":"https:\/\/hattendorff-beratung.de\/index.php?rest_route=\/wp\/v2\/pages"}],"about":[{"href":"https:\/\/hattendorff-beratung.de\/index.php?rest_route=\/wp\/v2\/types\/page"}],"author":[{"embeddable":true,"href":"https:\/\/hattendorff-beratung.de\/index.php?rest_route=\/wp\/v2\/users\/1"}],"replies":[{"embeddable":true,"href":"https:\/\/hattendorff-beratung.de\/index.php?rest_route=%2Fwp%2Fv2%2Fcomments&post=15"}],"version-history":[{"count":76,"href":"https:\/\/hattendorff-beratung.de\/index.php?rest_route=\/wp\/v2\/pages\/15\/revisions"}],"predecessor-version":[{"id":924,"href":"https:\/\/hattendorff-beratung.de\/index.php?rest_route=\/wp\/v2\/pages\/15\/revisions\/924"}],"wp:attachment":[{"href":"https:\/\/hattendorff-beratung.de\/index.php?rest_route=%2Fwp%2Fv2%2Fmedia&parent=15"}],"curies":[{"name":"wp","href":"https:\/\/api.w.org\/{rel}","templated":true}]}}